5. Let i(k) = 4*k**2 - 5*k - 6. Let y(m) = h*a(m) + 4*i(m). Suppose -2*u = -0*u + 2. Determine y(u).
-3
Let a(i) = i**3 + 4*i**2 + 2*i + 3. Let d(z) = z**3 + 8*z**2 + 6*z + 1. Let h be d(-7). Let c = h + -12. Let o = c + 0. Determine a(o).
-5
Let t(k) = 5*k**2 - k - 1. Suppose -4*y = -2*g - 8, 2*y - 4*g - 3 - 1 = 0. Suppose -5*f = -y*c + 14, 0 = 5*c + f + 4*f - 35. Let z = 6 - c. Calculate t(z).
5
Let n(h) = 2*h**3 - h**2 + 1. Let l = 8 - 11. Let g = 4 + l. Calculate n(g).
2
Let k(j) = 6 + 3*j - 4 + 0*j - 2*j. Calculate k(-5).
-3
Let p(v) = -10*v**2 + 5*v + 10. Let h(t) = t**2. Let q(l) = -4*h(l) - p(l). Let d(a) = 7*a**2 - 5*a - 11. Let o(s) = 5*d(s) - 6*q(s). Calculate o(5).
5
Let q(o) = o**2 + 1. Let p(v) = -v**2 + 6*v + 10. Let d be p(7). Suppose d = 4*s - 5*s. What is q(s)?
10
Suppose 3*d + 2*k - 15 = 0, -4*d = -k - 11 + 2. Let c be (8/(-12))/((-2)/(-6)). Let a be c + 1 - (-1 - d). Let j(y) = -y + 2. Determine j(a).
-1
Suppose -c = -1 + 19. Let a be c/4 - (-7)/14. Let b(w) be the first derivative of w**2/2 + 8*w + 1. What is b(a)?
4
Let m(b) = -91*b**3 + 4 + 4*b**2 - b**2 + b + 92*b**3. What is m(-4)?
-16
Suppose 0 = -f - 3*m - 6, -4*m + 24 = 6*f - 10*f. Let i(j) = j**2 + 5*j + 1. Calculate i(f).
7
Let g(k) = k**3 - 9*k**2 + 3*k + 5. Let r(w) = -w + 4. Let b be r(6). Let s be (-2)/(b/((-1)/1)). Let p(f) = -f**2 + 1. Let t(i) = s*g(i) + 5*p(i). Give t(3).
0
Let w(t) = -3*t**3 - 5*t**2 - 6. Let d(k) = -4*k**3 - 5*k**2 - 6. Let x(o) = 4*d(o) - 5*w(o). Let n(z) = -z**3 - 12*z**2 - z - 7. Let j be n(-12). Give x(j).
6
Let s(x) = 2*x**2 - 2*x - 1 - 3*x**2 - x**2. Let r(v) = v - 2. Let c be r(0). Give s(c).
-5
Let a(u) = -4*u**2 + 2*u + u**3 - 2 + 0*u**2 - 3*u. Give a(4).
-6
Let j(k) = -1 + 3 - 2 - 7*k - 1. Let q(n) = -20*n - 3. Let b(i) = -17*j(i) + 6*q(i). What is b(4)?
-5
Let r(d) be the second derivative of d**7/2520 + d**6/360 - d**5/120 - d**4/6 + 2*d. Let c(k) be the third derivative of r(k). What is c(1)?
2
Let b(a) = -2*a - 1. Let z(j) = 2*j + 1. Let v(g) = -6*b(g) - 7*z(g). Determine v(-3).
5
Let o be 2/8 + 2/(-8). Let q(h) = 0*h**2 - 10 - h**3 + h**2 + 11. Calculate q(o).
1
Let y be (-4)/(-26) - (-1071)/(-117). Let d(h) = -h - 6. Calculate d(y).
3
Let n(w) be the first derivative of w**2/2 + 3*w - 7. Calculate n(-5).
-2
Let m(r) = -2*r + 5. Let q be m(4). Let w be -6*(q/6 + 1). Let f = w + 2. Let d(u) = -3*u**2 + u. Determine d(f).
-4
Suppose -17 = -3*h + 5*l, 2*l = 3*h + 5*l - 9. Suppose 0 = -5*i - 0*p + 5*p + 35, 2*p + 8 = 0. Let n(x) = -4*x**2 + 0*x**3 + x**i + x + 0*x - 3. Determine n(h).
1
Let d = 62 - 66. Let p(l) = -l**3 - 4*l**2 + 5*l + 1. Calculate p(d).
-19
Let p(v) be the second derivative of -1/2*v**2 + 0 - 1/6*v**3 - 4*v. Give p(0).
-1
Let h(o) be the first derivative of -o**4/4 - o**3/3 + o + 27. Let l = 1 - 2. Give h(l).
1
Let h(v) = 2*v + 7. Suppose -9 = 3*r - o + 9, -o - 12 = 2*r. What is h(r)?
-5
Let q = -23 + 29. Let y(j) = j**3 - 5*j**2 - 5*j - 7. Calculate y(q).
-1
Let s(l) be the first derivative of l**4/4 - 4*l**3/3 + 4*l + 14. Let i be 2/(-7) - (-23)/7. Suppose 20 = -5*g, 0*g - i*g + 4 = 4*o. Determine s(o).
4
Suppose -2*i = -9 + 1. Suppose 2*l = i*j - 2, -3*j + 4 = 3*l - 2*l. Let k be 4/(-6) + l/(-3). Let d(c) = -8*c. Give d(k).
8
Let s = 121 + -120. Let f(p) = 11*p**2 - p + 1. Determine f(s).
11
Let z(v) = -v**3 + v**2 + 15*v + 13*v - 29*v. Give z(2).
-6
Let c(m) be the third derivative of m**6/120 - m**5/15 + m**4/24 + 2*m**3/3 + 38*m**2. What is c(4)?
8
Let b(a) = -a**3 - a**2 + 4*a - 3. Let v be (-2 - -7 - -1) + -3. Let s be 6/(3/((-6)/(-2))). Suppose v*n = -3*r + 3, 0 = -n + r + s - 3. What is b(n)?
-7
Let b be 4/30 - (-4)/(-30). Let c(r) be the third derivative of 0 + 1/120*r**6 - 5/6*r**3 - 5/24*r**4 + 1/20*r**5 + r**2 + b*r. Determine c(-4).
-1
Let w(i) = 11*i - 28. Let o(z) = 4*z - 9. Let d(a) = -8*o(a) + 3*w(a). Let m be (-20)/(-4) + -4 - -4. Determine d(m).
-7
Let x(z) be the first derivative of -4 + 4*z - 5/3*z**3 + 7/2*z**2 - 1/4*z**4. Let j = -8 - -2. Calculate x(j).
-2
Let d(c) = -c**3 + c**2 + 8. Let r(f) = -2*f**2 - 11*f + 21. Let s be r(-7). What is d(s)?
8
Suppose 5*u + l - 10 = -0, -3*u - 3*l + 18 = 0. Let c(r) = r**2 - r - u - 2 + 1 + 4*r. Give c(-3).
-2
Suppose 0 = 2*j - 2 + 8. Let r(y) = -2*y - 4. Let b be r(j). Let t(k) = -11 - 6*k**2 + 7*k**2 + 10. Give t(b).
3
Let k(q) = q**2 - 6*q**2 + 3*q + 6*q**2 - 2. Determine k(-3).
-2
Suppose d - 1 = 5. Let t(i) = -13*i + 7. Let n(u) = -25*u + 0 + 8 + 5. Let f(p) = d*n(p) - 11*t(p). Calculate f(1).
-6
Let l(t) = -2*t**2 + 2*t. Let n(s) = -5*s**2 + 7*s. Let j(p) = -14*l(p) + 4*n(p). Suppose -3*u + 2 = -u. What is j(u)?
8
Suppose -4*w + 68 = 4*b, -2*b + 2*w + 17 = -17. Let v = 12 - b. Let d = -4 - v. Let y(t) = t**3 - t**2 + 2*t - 1. Determine y(d).
1
Let o(t) = t**3 + 5*t**2. Let x be ((-1)/(-1))/(1/2). Let r be 92/28 - x/7. Suppose -5*w - 2*z - z = 13, r*z + 8 = -4*w. Determine o(w).
0
Let d(b) = -b**3 - 7*b**2 - 5*b - 8. Let z = 47 + -30. Suppose r - 3 = -4*p - z, -2*p + 26 = -5*r. Give d(r).
-14
Let i(n) be the third derivative of -n**6/120 - n**5/15 - n**4/12 - n**3/6 + n**2. Let a be (4/10)/(2/20). Suppose -a = 3*k + 5. Determine i(k).
-4
Let r be 9/2*10/15. Let c be ((-24)/6)/((-2)/r). Suppose -k = -5*h + 4*k - 30, 0 = 2*k - c. Let y(v) = v**2 - 2. Give y(h).
7
Let r be -2*-1*(-3)/(-2). Let a(b) = r*b - b - b. Suppose -3*z - 3 = -4*z. Determine a(z).
3
Let u(a) = -a - 1. Let l(d) = 4*d + 5. Let r(x) = l(x) + u(x). Calculate r(-4).
-8
Let o(w) = -5*w**3 + 1. Suppose p + 3*a = -p - 42, -5*p - 105 = -a. Let q be p/(-15) + 4/(-10). Determine o(q).
-4
Let v(a) = 69*a + a**2 - 3 - 37*a - 39*a. Determine v(6).
-9
Suppose 0*i - 2*i + 8 = 0. Let p(y) = i*y + 6*y + 8 - 2 - 7*y. Give p(-4).
-6
Let m(f) = f**3 - 5*f**2 - 4*f + 2. Let k(o) = o**2 + o + 1. Let t(s) = 2*k(s) + m(s). Calculate t(3).
-2
Let r = 25 + -25. Let z(w) = w - 6. What is z(r)?
-6
Let d(o) = o**3 - 8*o**2 + 7*o - 3. Let g = 12 - 5. Let u be d(g). Let c(k) = k**3 + 4*k**2 - 4. What is c(u)?
5
Let k(g) = -g - g**3 + 21 - g**2 - 40 + 0*g. Calculate k(0).
-19
Let o(q) = -q**2 - 6*q + 4. Let d(v) = -v - 12. Let p be d(-7). What is o(p)?
9
Let z(k) = -k**3 + 5*k**2 - 2*k. Let p(s) = -s + 3. Let d be p(8). Let f be 0 - (-2 - -3)*d. Determine z(f).
-10
Suppose 0 = z - 13 + 5. Let w(q) = 2*q**2 + 3*q**2 - q - z*q**2 - q**3. Give w(-2).
-2
Suppose s - 4 = 4*r, 4*s - 2*s = -5*r - 18. Let a(u) = 5*u**2 - 1. Let c be a(1). Let q(n) = 4*n**2 - c*n + 2*n**3 - n**3 - 4 + 0*n + n. Give q(s).
8
Let i = -22 + 24. Let u(c) = 4*c + 15 + 2*c**i - 20 + 3*c**2 - 4*c**2. Determine u(-5).
0
Let n(r) = -3 - r + 4*r - r - 5*r. Give n(-6).
15
Let k(l) = -11*l**3 + 20*l**2 + 11*l + 3. Let q = 4 + -12. Let h(y) = 7*y**3 - 13*y**2 - 7*y - 2. Let d(w) = q*h(w) - 5*k(w). Calculate d(4).
5
Let g(l) = l**3 - 4*l**2 - 6*l + 5. Let m = -6 + 6. Suppose m = -4*h + 3*h - 7. Let v be 2 - 12/3 - h. Determine g(v).
0
Suppose -2*a + 0*a - 9 = -3*p, 3*a + p = 14. Let n be a - ((-6)/2 - -6). Let o(f) be the second derivative of -f**4/12 - f**3/6 + 5*f**2/2 - f. Determine o(n).
5
Let m(d) = d. Let p(a) = 1. Let i(r) = -m(r) - 4*p(r). Give i(0).
-4
Let u(p) be the first derivative of -1/4*p**4 - 5*p - p**3 - 2 + 2*p**2. Give u(-4).
-5
Let n be (-4)/14 + (-6)/(-21). Suppose -2*y - 9 + 3 = n. Let w(s) = s**3 + 4*s**2 + 2*s - 4. Give w(y).
-1
Let h(f) be the first derivative of 1/3*f**3 - 2*f**2 - 1 - 4*f. Determine h(5).
1
Let w(h) = -h**3 - 4*h**2 - 4*h - 6. Let l(d) = d**3 + 10*d**2 - 11*d - 4. Let j be l(-11). Determine w(j).
10
Let p be (-4)/(1 - (-1)/(-2)). Suppose -4*k - 1 - 23 = 0. Let o be (9/k + 1)*p. Let x(r) = -r**2 + 4*r. What is x(o)?
0
Let t be (2 - -1) + (-3)/3. Let p(l) = -3*l**2 + 3*l - 11. Let a(k) = k**2 - 2*k + 5. Let j(o) = t*p(o) + 5*a(o). What is j(-5)?
-2
Let y(l) = 16*l - 10. Let x(g) = 11*g - 7. Let o(r) = r - 12. Let f be o(5). Let j(i) = f*x(i) + 5*y(i). Determine j(3).
8
Let k = -7 - -22. Let m = k + -8. Let y(i) = -i**2 + 8*i - 9. What is y(m)?
-2
Let n(b) = -2569 - b**3 + 2*b**2 - b + 2569. Calculate n(2).
-2
Let n(w) be the third derivative of -w**6/120 + 3*w**5/20 - w**3 - 32*w**2. Determine n(9).
-6
Let p be 2*(-3 - -4)*3 - 3. Let z(x) = 0 - 6*x**2 + 3*x + 5*x**2 - 3. Give z(p).
-3
Let m(v) = 4